ermine u(-5).
-45
Let c(y) = 2*y**2 + 3*y - 2. Give c(1).
3
Let c(i) = -4*i. Determine c(7).
-28
Let u(n) = -4*n**2 - 3*n + 5. Give u(1).
-2
Let i(d) = 4*d + 2. Calculate i(-5).
-18
Let f(t) = t**2 + 39*t - 30. Give f(-40).
10
Let b(j) = j**3 - 7*j**2 - 18*j + 6. Determine b(9).
6
Let m(q) = 136*q + 954. Give m(-7).
2
Let f(r) = 2*r**3 - 11*r**2 + 11*r + 5. Determine f(4).
1
Let a(k) = 2*k**3 + 4*k**2 + 7*k + 5. Determine a(-2).
-9
Let c(m) = m**3 + 36*m**2 - 78*m - 83. Give c(-38).
-7
Let w(g) = -g**3 + 33*g**2 - 63*g + 15. What is w(31)?
-16
Let z(k) = -6*k + 9. Calculate z(6).
-27
Let r(a) = 2*a**2 - 49*a + 29. What is r(24)?
5
Let n(r) = -r - 5. Give n(-4).
-1
Let w(d) = d**2 - 2*d - 5. What is w(0)?
-5
Let n(y) = -3*y**2 - 3*y - 3. Calculate n(-2).
-9
Let d(c) = c**2 - 11*c + 7. Calculate d(9).
-11
Let o(c) = -6*c + 17. Calculate o(-8).
65
Let a(v) = -6*v - 52. Determine a(-10).
8
Let c(r) = r**3 - 10*r**2 + 17*r - 9. Calculate c(8).
-1
Let r(x) = 5*x**3 - x**2 - 5*x - 5. Give r(-2).
-39
Let l(p) = 4*p**2 - 2*p + 3. Calculate l(4).
59
Let x(v) = 3*v**2 + 60*v + 10. What is x(-20)?
10
Let d(s) = s**3 + 19*s**2 - 20*s - 9. Determine d(-20).
-9
Let i(p) = 35*p + 23. Determine i(-1).
-12
Let b(m) = -m**2 - 13*m + 15. What is b(-12)?
27
Let r(z) = -2*z**2 + 8*z + 276. What is r(14)?
-4
Let u(h) = h**2 + 7*h - 2. Give u(-12).
58
Let l(k) = -k**3 + 27*k**2 - 51*k + 8. Give l(25).
-17
Let u(n) = -n**3 + 17*n**2 + 15*n + 60. Calculate u(18).
6
Let y(g) = -5*g + 53. What is y(10)?
3
Let h(j) = 16*j**3 + 2*j**2 - j. Give h(1).
17
Let k(v) = v**3 - 3*v**2 + 2*v - 7. Determine k(3).
-1
Let s(r) = -r**2 + 8*r - 9. Calculate s(4).
7
Let a(i) = i**3 - 7*i**2 + 8*i + 2. What is a(6)?
14
Let x(u) = u**3 - 12*u**2 + 11*u - 6. What is x(11)?
-6
Let q(t) = -14*t**3 - 2*t**2 + 2*t. Give q(1).
-14
Let y(u) = u - 2. What is y(1)?
-1
Let s(c) = -c**2 - 6*c - 1. Calculate s(-4).
7
Let r(i) = i**3 + 6*i**2 + 5*i - 5. Give r(-5).
-5
Let c(w) = w - 10. Give c(22).
12
Let n(p) = -4*p - 83. Determine n(-21).
1
Let x(b) = b**2 - 10*b + 18. Determine x(9).
9
Let l(n) = -30*n + 1. What is l(1)?
-29
Let p(j) = j**3 + 11*j**2 + 11*j - 23. Give p(-7).
96
Let z(d) = d - 7. Determine z(6).
-1
Let l(z) = z**2 + 17*z + 12. Give l(-16).
-4
Let b(o) = 2*o**2 - 6*o - 12. What is b(5)?
8
Let h(q) = -6*q - 57. Calculate h(-3).
-39
Let g(f) = -f**3 - 2*f**2 + f + 1. Determine g(-1).
-1
Let v(u) = -21*u + 6. Give v(-3).
69
Let f(j) = 8*j + 13. Calculate f(-12).
-83
Let l(w) = 3*w**2 - w - 7. Calculate l(-3).
23
Let v(b) = -b - 2. Give v(8).
-10
Let g(f) = -3*f - 42. Give g(-12).
-6
Let k(q) = q**2 - 10*q - 16. Calculate k(12).
8
Let a(s) = s**3 - 16*s + 9. Give a(-5).
-36
Let t(y) = y**2 - 8*y - 3. Give t(6).
-15
Let s(d) = -d**3 - 3*d**2 + 3*d - 2. Calculate s(-3).
-11
Let m(i) = i**2 - 4*i. Determine m(3).
-3
Let c(x) = 11*x + 217. Calculate c(-20).
-3
Let a(s) = s**3 - 26*s**2 - 90*s + 70. What is a(29)?
-17
Let u(j) = 7*j + 49. What is u(-14)?
-49
Let b(a) = -2*a. Give b(1).
-2
Let t(s) = -2*s - 26. Give t(-11).
-4
Let j(x) = x**3 - 22*x**2 + 58*x - 5. Calculate j(19).
14
Let k(v) = -v**2 + 3*v - 4. What is k(-5)?
-44
Let d(s) = 4*s + 8. Determine d(-3).
-4
Let g(x) = 5*x**2 - 9*x + 11. Calculate g(4).
55
Let m(r) = -2*r**2 - 16*r + 24. Calculate m(-9).
6
Let t(i) = i**3 + 8*i**2 + 50*i + 304. Determine t(-7).
3
Let l(o) = -o + 22. What is l(5)?
17
Let f(m) = 3*m + 18. What is f(-10)?
-12
Let a(l) = -l**2 - 14*l + 8. Determine a(-14).
8
Let l(y) = 5*y + 32. Calculate l(-6).
2
Let o(c) = c**2 + 4*c - 2. Calculate o(3).
19
Let y(r) = 5*r + 5. Give y(-2).
-5
Let g(h) = -h**2 + 3*h + 35. Determine g(8).
-5
Let i(h) = -3*h - 25. Give i(-10).
5
Let n(u) = -2*u**2 + u - 2. Give n(-3).
-23
Let y(a) = -173*a + 176. Determine y(1).
3
Let y(t) = t**3 + 4*t**2 - 3. Give y(-3).
6
Let c(l) = -l**2 - 2*l + 2. Calculate c(-6).
-22
Let m(b) = -b**2 - 10*b - 12. Calculate m(-5).
13
Let z(q) = -q**3 + 6*q**2 + 2*q + 5. Calculate z(5).
40
Let t(f) = -f**3 - 3*f**2 - f - 2. Calculate t(-3).
1
Let q(r) = -4*r + 25. Give q(15).
-35
Let t(j) = j**3 + 18*j**2 + 21*j + 66. Calculate t(-17).
-2
Let b(z) = -24*z**2 + 9*z - 8. Determine b(1).
-23
Let r(v) = -11*v + 181. What is r(17)?
-6
Let d(r) = r - 1. Give d(4).
3
Let m(c) = 3*c. What is m(-10)?
-30
Let z(k) = -k**3 - 15*k**2 - 13*k + 18. What is z(-14)?
4
Let r(n) = -n**3 + 6*n**2 + 17*n - 107. What is r(6)?
-5
Let t(o) = o**3 + 4*o**2 - o + 4. What is t(-4)?
8
Let h(a) = -a**2 - a - 49. Determine h(0).
-49
Let a(u) = 2*u**2 - 31*u + 119. What is a(9)?
2
Let k(y) = -4*y - 2. What is k(1)?
-6
Let j(m) = m**3 - 15*m**2 - 2*m + 22. Give j(15).
-8
Let t(v) = -2*v + 6. Determine t(5).
-4
Let w(o) = 52*o - 309. Calculate w(6).
3
Let r(d) = -51*d - 66. Give r(-2).
36
Let h(y) = 46*y - 83. Give h(2).
9
Let a(l) = -l**3 + l**2 + 10*l - 3. Give a(4).
-11
Let d(s) = 3*s + 31. Give d(-9).
4
Let i(u) = -u**2 - 26*u + 26. What is i(1)?
-1
Let h(f) = 2*f - 4. Determine h(6).
8
Let a(s) = -132*s - 394. Give a(-3).
2
Let c(i) = -i**3 - 10*i**2 + i + 22. Calculate c(-10).
12
Let b(z) = -z**2 - 11*z + 21. Give b(-12).
9
Let n(b) = -3*b + 69. Give n(21).
6
Let j(m) = m - 2. Determine j(-4).
-6
Let y(p) = p**3 - 37*p**2 + 71*p - 36. What is y(35)?
-1
Let m(t) = -7*t + 2. What is m(-1)?
9
Let x(a) = -a**3 + 9*a**2 - 10*a - 7. Determine x(8).
-23
Let a(c) = c**3 - 5*c**2 + 36*c - 70. Give a(2).
-10
Let x(l) = -l**3 + 5*l**2 + 4*l - 7. Give x(5).
13
Let q(n) = 2*n**3 + 8*n**2 - 10*n. Determine q(-5).
0
Let y(k) = k**3 - 11*k**2 + 8*k + 14. Calculate y(10).
-6
Let s(l) = 10*l + 1. What is s(1)?
11
Let n(u) = 10*u**3 + u**2 - 3*u + 1. Calculate n(1).
9
Let i(s) = 7*s**2 - 17*s + 11. Calculate i(2).
5
Let g(d) = d**3 + 9*d**2 + 18*d + 8. Give g(-6).
8
Let w(p) = 11*p - 35. Give w(-4).
-79
Let j(c) = c**3 - 32*c**2 + 89*c - 58. Determine j(29).
0
Let o(w) = 7*w**2 + 3*w - 2. Determine o(1).
8
Let s(y) = -11*y - 99. Determine s(-10).
11
Let c(p) = -6*p**2 - 2*p. What is c(1)?
-8
Let o(u) = -3*u - 23. What is o(-13)?
16
Let w(i) = -3*i - 12. Determine w(-5).
3
Let o(k) = k**3 - 13*k**2 - 19*k + 19. What is o(14)?
-51
Let p(z) = -6*z + 184. Give p(29).
10
Let b(x) = 3*x**2 - 5*x - 2. Give b(2).
0
Let v(b) = -5*b + 33. Give v(9).
-12
Let l(z) = -4*z - 31. Calculate l(-6).
-7
Let d(l) = l**3 + 4*l**2 - 3*l - 13. Determine d(-4).
-1
Let j(p) = -38*p - 34. Give j(-1).
4
Let d(q) = q**2 + 26*q - 53. Give d(-29).
34
Let t(p) = 2*p**2 + 5*p - 3. What is t(5)?
72
Let j(m) = m**2 - 6*m - 3. Calculate j(5).
-8
Let c(w) = -3*w - 9. Calculate c(4).
-21
Let y(w) = w**2 + 24*w + 52. Give y(-20).
-28
Let k(c) = -c**3 - 13*c**2 - 12*c - 3. Give k(-12).
-3
Let a(o) = -3*o**2 + 26*o - 20. Give a(8).
-4
Let x(n) = -n**3 - 11*n**2 + 12*n + 3. What is x(-12)?
3
Let v(p) = -2*p**2 - 14*p + 8. Give v(-9).
-28
Let a(m) = -m - 21. What is a(-16)?
-5
Let f(h) = 29*h + 29. Determine f(-1).
0
Let o(n) = -n**2 + 4*n - 11. Give o(5).
-16
Let x(w) = -17*w - 95. Determine x(-4).
-27
Let w(f) = 14*f**2 - 21*f - 2. Give w(3).
61
Let p(z) = z - 2. Give p(11).
9
Let b(w) = w**3 - 5*w**2 + 3*w + 1. Determine b(3).
-8
Let u(x) = x**2 + 13*x + 35. Give u(-10).
5
Let r(o) = -o**2 + 19*o - 55. Give r(3).
-7
Let k(g) = g**3 - 7*g**2 + 4*g + 8. Give k(6).
-4
Let j(d) = -d**3 + 4*d**2 + 5*d - 3. What is j(5)?
-3
Let u(v) = -v**2 - 12*v + 28. What is u(-14)?
0
Let i(n) = n**3 + 2*n**2 - 22. What is i(0)?
-22
Let f(p) = 2*p**2 + 5*p - 56. Calculate f(-8).
32
Let u(o) = 2*o**3 + o**2 + 2*o + 1. Give u(2).
25
Let j(t) = 2*t**2 - 2*t - 4. Give j(-5).
56
Let q(g) = -g**2 - 9*g + 5. What is q(-10)?
-5
Let b(y) = y**2 - 4. What is b(2)?
0
Let s(a) = -5*a + 3. Determine s(3).
-12
Let d(s) = s**2 + 2*s - 214. Determine d(-16).
10
Let c(g) = 14*g + 175. Calculate c(-9).
49
Let s(x) = 2*x**2 + 31*x - 26. Calculate s(-17).
25
Let b(q) = q**3 - 18*q**2 + 3*q + 42. What is b(18)?
96
Let w(b) = -2*b**3 + 5*b**2 - 5*b + 2. Determine w(2).
-4
Let h(b) = b**2 - 21*b + 40. Give h(17).
-28
Let d(y) = y. Determine d(-7).
-7
Let a(c) = -c**2 - 11*c - 13. Give a(-8).
11
Let f(d) = -218*d + 662. Calculate f(3).
8
Let a(v) = v**2 + 8*v + 14. What is a(-11)?
47
Let u(i) = -150*i**2 - 299*i - 1. Calculate u(-2).
-3
Let o(d) = -d - 16. Determine o(-18)